test common factor of v and u?
2
Let m(c) = 4*c**2 + 2*c - 2. Suppose -i + v - 18 = -5*i, v - 14 = -3*i. Let w = -6 + i. Let p be m(w). Calculate the highest common factor of 30 and p.
10
Let s(u) = -3*u**3 - 5*u**2 - 3*u - 9. Let a be s(-6). Calculate the greatest common factor of a and 53.
53
Suppose -5*a - 82 = 98. Let g be a/(-2)*(-1)/(-2). What is the highest common factor of 9 and g?
9
Let z(h) = 3*h**2 - 3*h + 7. Let d be z(3). Calculate the highest common divisor of 275 and d.
25
Suppose -17 = -s + 42. Suppose 0*k = 3*f + 4*k - s, -2*f = -k - 32. Calculate the greatest common divisor of 51 and f.
17
Suppose -2*a - 2*q - 24 = 0, -3*a + 4*q + 32 = -6*a. Let y = 18 + a. What is the highest common divisor of y and 2?
2
Suppose -5*z - 5*c + 10 = 0, -2*c - 2*c = z - 2. Suppose z*n + 2*b = 0, 2*b = -2 - 8. Suppose 4*g - 117 = 103. What is the highest common factor of n and g?
5
Let r be (-30)/135 - (-4)/18. Suppose r = -5*i + 11 + 4. What is the greatest common divisor of 9 and i?
3
Let m be 114/(6 + -4) - 1. Calculate the highest common divisor of 8 and m.
8
Let z be 5 - (-7)/((-7)/(-170)). Calculate the highest common factor of z and 70.
35
Let y = -1 + -3. Let a be (-26)/(-4) + y/8. Let s be (-42)/(-4)*a/9. What is the highest common divisor of s and 77?
7
Let h be ((-112)/(-12))/((-2)/(-18)). Suppose 0 = 6*w - 5*w - 12. What is the highest common divisor of h and w?
12
Let i be (62/(-6))/(4 + (-65)/15). What is the greatest common factor of i and 31?
31
Let m = -62 - -88. What is the greatest common factor of 65 and m?
13
Let a = 40 - 14. Suppose 0 = 2*k + k - n + 14, 0 = -5*k - 5*n - 10. Let m = k - -17. What is the highest common factor of m and a?
13
Let x(o) = o + 12. Let s be x(-5). Let m be (2/(-3))/((-5)/210). Calculate the highest common divisor of s and m.
7
Suppose 0 = -l + n + 7, 0 = 5*l + n - 22 - 19. What is the greatest common factor of l and 16?
8
Suppose 3*b - 8 = b. Let w(n) = 3 + 5*n + n**2 - 3*n**2 + n**2. Let a be w(b). Calculate the greatest common factor of a and 77.
7
Suppose -10*a + 68 = -8*a. What is the highest common divisor of 34 and a?
34
Let k be (12/8)/(1/2). Suppose k*u - 45 - 81 = -3*j, 0 = 3*u - 3. Let x be j - 0 - (2 + -1). Calculate the highest common factor of 8 and x.
8
Let a(p) = -p**3 + 5*p**2 - 6*p + 7. Suppose -2*x = -3*y + 9, -4*y - 3*x + 3 = -9. Let d be a(y). What is the greatest common divisor of d and 7?
7
Let t = 0 - -3. Suppose 5*p + 5*n - 50 = t*n, p = 5*n + 10. What is the highest common factor of 30 and p?
10
Suppose 3*f = 4*f + 20. Let k be 5/f + 42/8. What is the greatest common divisor of k and 40?
5
Let x = -37 + 38. What is the highest common divisor of 2 and x?
1
Suppose -q = 4*o + 2, q + 0*q = -o + 7. What is the greatest common factor of q and 10?
10
Let l(t) = t. Let f be l(3). Let a be (-3)/1 - (-30)/f. Calculate the highest common factor of a and 21.
7
Suppose -192 = h - 5*h. What is the highest common divisor of 6 and h?
6
Let w be 70/8 - (-24)/(-32). Suppose 3*o - 16 = o. What is the highest common divisor of o and w?
8
Let m(f) = -f**2 + 40*f - 44. Let s be m(30). Calculate the greatest common factor of s and 64.
64
Suppose y + 55 = 3*f + 16, f - y - 11 = 0. Let m = 6 - 4. Calculate the highest common factor of m and f.
2
Suppose -u + 18 = 5*l, -4*u + 0*u - l + 167 = 0. Calculate the highest common factor of 43 and u.
43
Let p(q) = -10*q + 4. Let h be p(-4). Let n = h - 14. What is the highest common divisor of n and 12?
6
Let x = 29 - -5. What is the greatest common factor of x and 306?
34
Let g(x) = x**2 + 1. Let d be g(2). Let h be (9/(-3) - -4) + 11. Suppose -4*i + 15 = w + 6, h = -3*i. Calculate the greatest common factor of w and d.
5
Suppose s = 21 + 299. Suppose s = 5*x - x. Let g = -3 + 23. What is the highest common factor of x and g?
20
Let s be 29 + (0 - (-12)/(-4)). Suppose 4*k + s = 2*y, -5*y - k + 49 = -3*k. What is the highest common factor of 3 and y?
3
Suppose s - 5*f = -s - 14, 4*s - 4*f + 4 = 0. Suppose 148 = s*t - 23. What is the highest common factor of t and 38?
19
Let c be 2/(-9) + 222/27. Suppose -3*z + 0*n + 291 = -3*n, 0 = -z - 5*n + 115. Suppose -7*w = -2*w - z. What is the greatest common factor of w and c?
4
Let j(y) = -10*y - 4. Let n be (12/(-10))/((-9)/(-30)). Let o be j(n). Let k = 6 + -2. Calculate the highest common divisor of k and o.
4
Suppose 7*v - 54 = -2*v. Calculate the greatest common divisor of v and 8.
2
Let y(j) = j**3 - 15*j**2 - 10*j - 6. Let d be y(16). What is the greatest common divisor of 10 and d?
10
Let g = -31 - -77. What is the highest common divisor of g and 23?
23
Let j(o) = 5*o + 2 - 4*o - 6. Suppose 0*h - 39 = -3*h + 4*g, -h + 24 = -5*g. Let b be j(h). What is the greatest common divisor of b and 40?
5
Suppose -3*o + 5*s = o - 98, 56 = 3*o + 5*s. Calculate the highest common factor of 2 and o.
2
Let z be 3/(-2)*2*1. Let p(d) = -6*d - 4. Let m be p(z). What is the highest common factor of 112 and m?
14
Let t be 132 + (-1)/(0 - 1). Suppose 95 = 3*p + 2*p - 3*b, p - 2*b - 19 = 0. What is the highest common factor of p and t?
19
Let k = -1 - -3. Let p = -3 + k. Let b(n) = 10*n**2. Let c be b(p). What is the highest common divisor of c and 10?
10
Let l(f) = -53*f**2 + 2*f + 58*f**2 + f**3 - 3 + 4. Suppose r = -2 - 1. Let k be l(r). Calculate the highest common divisor of 91 and k.
13
Let w be (20/6)/((-3)/(-9)). Let d = 152 + -82. Calculate the highest common factor of d and w.
10
Let s = -2 + 7. Suppose 0 = -4*v + 3*k + 183, 222 = 5*v + 5*k - 2*k. Calculate the greatest common factor of v and s.
5
Let y be (-9)/12 + (-795)/(-20). Calculate the greatest common divisor of y and 26.
13
Let q = -78 - -83. Calculate the highest common factor of 20 and q.
5
Suppose 5*q = 2*h + 3*h - 20, -h + 2*q + 2 = 0. Calculate the highest common factor of 54 and h.
6
Let n = 14 + 2. Let p be 36/n - (-2)/(-8). Suppose 0 = -8*w + 3*w + 5*v + 35, -26 = -3*w + p*v. What is the greatest common divisor of w and 132?
12
Let i = 66 - 39. Suppose -l = 3*p - i, 31 + 5 = 4*p + 5*l. Calculate the greatest common factor of 36 and p.
9
Let j(d) = -3*d**3 + 3*d**2 + d - 4. Let v be j(-2). Calculate the highest common divisor of 15 and v.
15
Let b = 140 + -78. Suppose 0 = g - 0*g + 5, g = -c + 31. Let z = b - c. Calculate the highest common factor of z and 13.
13
Let p(d) = -62*d + 1. Let b be p(-6). Let j = 180 - b. Let i = j - -364. What is the highest common factor of 19 and i?
19
Let q = 2 + -2. Let i(t) = -t**3 + t**2 - t + 27. Let o be i(q). Calculate the highest common divisor of 54 and o.
27
Suppose -2*f + 2 = -2*d + 12, 2*f = -2. What is the highest common factor of d and 16?
4
Suppose -3*y - 4*v + 5 = 0, 0*v = 5*y - 2*v - 17. Let t be 160/12 + y/(-9). Suppose t = 3*l - 5. Calculate the greatest common factor of l and 6.
6
Let q(s) = 2*s**2 + 4*s - 6. Let y be q(-5). Calculate the greatest common divisor of 6 and y.
6
Suppose 8*k - 70 = 3*k. Let j be (-6)/(-9) + (-218)/(-6). Let r = j + -2. What is the highest common factor of k and r?
7
Let y be (50/5)/(2/12). What is the greatest common divisor of y and 40?
20
Let b = 3 - 0. Suppose 0 = b*m - 5 - 1. Suppose m*i = i + 26. What is the highest common divisor of 13 and i?
13
Let q(n) = n**3 - 6*n**2 + n + 7. Suppose 4*x - 5*z - 34 = 0, 4*x - 30 = -0*x + 3*z. Let f be q(x). What is the highest common factor of f and 65?
13
Suppose 132 = 7*n - 3*n. What is the highest common factor of n and 3?
3
Let s(r) = r + 7. Let w be s(6). Let h = w - -11. What is the highest common factor of h and 36?
12
Let f be (2 + 1)*(-95)/(-15). Suppose -n + f = -35. What is the greatest common factor of 6 and n?
6
Suppose 2*j + 29 = -4*i + 109, j + 4 = 0. Calculate the highest common factor of i and 33.
11
Suppose -2*k = 4*r + 44, 0*r = -4*r - 5*k - 56. Let w = r - -5. Let h be (2 - 1) + w/(-4). What is the highest common divisor of 22 and h?
2
Suppose -117 = -3*h + s - 35, -s + 26 = h. Calculate the greatest common divisor of h and 135.
27
Suppose 4*b - 4*u = 36, -b = -2*b - 5*u - 21. Suppose b*o - 109 = 179. Let t = 31 + -22. Calculate the highest common factor of t and o.
9
Let m be 1*52 - (-2 - 0). Let p be (-4)/(-3 - 14/(-4)). Let b = p + 14. What is the highest common factor of m and b?
6
Suppose -4*o + 140 =